278 = n*r - 3*s + 62. What are the prime factors of (-7)/r - 182/(-12)?
3, 5
Suppose 2*c = -z + 12 + 54, 3*z - 2*c - 174 = 0. List the prime factors of z.
2, 3, 5
Let a be (-4)/10 + 154/10. Suppose -v - b + a = b, v - 11 = 2*b. Let j = v + -10. What are the prime factors of j?
3
Suppose 3*q = 9 + 117. Let u(p) = -2*p**3 + 16*p**2 - 7*p - 21. Let g be u(6). Let x = g - q. What are the prime factors of x?
3, 13
Suppose 2544 - 361 = g. What are the prime factors of g?
37, 59
Suppose 207 = 3*k - 201. What are the prime factors of k?
2, 17
Suppose -3*f = 5*f - 32. List the prime factors of 10/f*6 + 3.
2, 3
Let y(a) = -21*a**3 - a**2 - 11*a + 5. Let d(m) = 10*m**3 + 5*m - 2. Let v(o) = -5*d(o) - 2*y(o). Let q be v(-3). What are the prime factors of q/9 - (-3 - -1)?
29
Let l be -4*(-2 - (-117)/12). Let x = -1 - l. List the prime factors of (20/12 - 1)*x.
2, 5
Let c(d) = 1. Let t(a) = 29*a - 4. Let r(j) = 3*c(j) + t(j). Let w be r(1). Suppose -14*i + 12*i + w = 0. What are the prime factors of i?
2, 7
Let r be (272/(-10))/(4/(-10)). Suppose r = -3*k + 185. List the prime factors of k.
3, 13
Let l = 187 + -289. Let k = 171 + l. What are the prime factors of k?
3, 23
Suppose 12*w = -675 - 21. Let d = 82 + w. List the prime factors of d.
2, 3
Suppose 4*i - 75 = -7. Let z(m) = m**3 - 16*m**2 - 15*m + 25. List the prime factors of z(i).
59
Suppose 4*t - 11 = -3. Suppose t*b + 1048 = 10*b. List the prime factors of b.
131
Let q = 1993 - -644. What are the prime factors of q?
3, 293
Suppose 5*v = 11 + 24. Suppose v*m - 10*m = -105. List the prime factors of m.
5, 7
Suppose -4*l + 12 = -4. Suppose 168 = l*n - 0*n. What are the prime factors of n?
2, 3, 7
Let c(t) = 23*t**2 - 113. List the prime factors of c(14).
3, 5, 293
Let t(r) be the third derivative of r**5/15 - 5*r**4/12 - 11*r**3/6 - 5*r**2 - 4. What are the prime factors of t(10)?
17
Let f(h) = h + 20. Let p(c) = c + 1. Let a(w) = -f(w) + 2*p(w). Let q be a(0). Let k = -12 - q. What are the prime factors of k?
2, 3
What are the prime factors of (-36)/48 - 5007*(-3)/12?
3, 139
Suppose 4*s + s + 3*n - 97 = 0, n = 3*s - 61. Suppose -d - 4*d + s = 0. Let o(h) = h**3 - 2*h**2 - h - 5. What are the prime factors of o(d)?
23
Suppose -12*w + 9*w + 5*g = -4, -4*w + 16 = 4*g. Let d = w + 263. List the prime factors of d.
2, 7, 19
Let h(w) = -28*w - 4. Let m be h(-1). Suppose m*x - 284 = 20*x. List the prime factors of x.
71
Suppose 1708 = -570*p + 574*p. What are the prime factors of p?
7, 61
Let z = -164 - -179. List the prime factors of z.
3, 5
Suppose -13*g + 66 = -14*g. List the prime factors of g/(-9)*(-198)/(-12).
11
List the prime factors of 1 - -6 - 81655/(-35).
2, 3, 5, 13
Suppose 61*n - 56*n - 780 = 0. What are the prime factors of n?
2, 3, 13
List the prime factors of 646/3*1638/156.
7, 17, 19
Suppose 5*p = 9*p + 16. Let r(w) = -2*w**3 - 5*w**2 - 2*w + 2. List the prime factors of r(p).
2, 29
Let k be ((-9)/6)/(6/(-176)). Let s be (-16 + 4)/3*-1. Suppose -4 = -s*t + k. List the prime factors of t.
2, 3
Let c = 284 - 72. What are the prime factors of c?
2, 53
Suppose 6*s - 121 = 41. List the prime factors of 5556/s + 2/9.
2, 103
Let u(m) = -248*m + 115. What are the prime factors of u(-2)?
13, 47
List the prime factors of (5050/(-5))/(-5) + 6.
2, 13
Suppose 5*z = -43 + 508. Let f = -84 + z. List the prime factors of f.
3
Let y(h) = -2*h**2 + 2*h - 1. Let b be y(1). Let w be (-5 + b)*(-10)/3. Suppose -w = r - 2*r. What are the prime factors of r?
2, 5
Suppose 33*r - 3*r - 8790 = 0. List the prime factors of r.
293
Suppose -394 = 2*y + t + 111, -1020 = 4*y + 4*t. Let d = y + 404. What are the prime factors of d?
2, 7, 11
Let h = -1281 - -2147. What are the prime factors of h?
2, 433
Let b(u) = -u**3 + 11*u**2 + 7*u - 26. Let z = 28 + -17. List the prime factors of b(z).
3, 17
What are the prime factors of 42/(-7) - -1 - (2 + -663)?
2, 41
Let t = 124 - -371. Suppose j + 93 = v + 6*j, t = 5*v - 5*j. Let q = v + -58. What are the prime factors of q?
2, 5
Suppose 4*x + 21 = 93. Let i = 83 - x. What are the prime factors of i?
5, 13
Suppose 5*c + 11 = 31. Suppose -c*n + 3*r + 153 = -298, 3*n - 2*r - 338 = 0. List the prime factors of n.
2, 7
Let w(m) = -70*m + 4. Let t be w(-2). Suppose 5*x + t = 8*x. What are the prime factors of x?
2, 3
Suppose n = 4, -n - 4*n + 18 = -i. Suppose -30 = 2*p + 5*b, -i*p = p - 3*b + 87. Let j = 32 + p. What are the prime factors of j?
7
Suppose 5*o + 6 = -3*q, -3*o = 4*q + 3 + 5. Let w(v) = -5 - 2*v**2 + 36 - v + 7 + 30. List the prime factors of w(o).
2, 17
Suppose 1607 = -27*j + 92921. List the prime factors of j.
2, 19, 89
Suppose 3*c - 2*c + 5*m = 59, 2*c - m = 118. List the prime factors of c.
59
Suppose 22 = 8*a - 26. Let j(d) = -d**3 + 7*d**2 + 7*d. What are the prime factors of j(a)?
2, 3, 13
Let i(h) = 40*h - 72*h - 4*h**2 - h**3 + 38*h + 6. What are the prime factors of i(-6)?
2, 3, 7
Suppose c - 119 = 2*l, -26 - 95 = 2*l + c. Let v = l - -71. What are the prime factors of v?
11
Let z(s) = 10*s**2 + 6*s + 18. List the prime factors of z(-5).
2, 7, 17
Let a = 75 - 70. Let b = 12 - 7. Suppose -b*o + 30 = -a. List the prime factors of o.
7
Suppose 0 = 11*y + 11*y - 5258. What are the prime factors of y?
239
Suppose -1247 = -l + 3*i, 0 = 2*l + 5*i - 679 - 1837. List the prime factors of l.
7, 179
Let w(q) = 3*q**2 - q. Let p = -26 - -13. Let k = -11 - p. What are the prime factors of w(k)?
2, 5
Suppose 36*r = 25*r. Let x(f) = f + 11. Let m be x(-7). Suppose -i = r, 3*d - m*i = -1 + 13. List the prime factors of d.
2
Suppose 2*g - 164 = -2*g - 2*p, p = -3*g + 125. List the prime factors of g.
43
Let g(y) = 14*y**2 - 6*y - 3. Suppose 4*w + 0 = 8. Suppose 0*q = w*q + 4. List the prime factors of g(q).
5, 13
What are the prime factors of (-2)/4 - (-4 - (-15090)/(-4))?
2, 59
Suppose -3*n + n + 4*d = 190, 3*n = 5*d - 284. Let q = 137 - n. List the prime factors of q.
2, 5, 23
Suppose -15*t + 14*t = -3*z + 605, -5*t = 25. List the prime factors of z.
2, 5
Suppose 0 = 4*q - 12, v - 3*q = 117 + 341. List the prime factors of v.
467
Let v(i) be the first derivative of -i**5/60 + 7*i**4/24 + i**3/3 - i**2 + 6. Let b(y) be the second derivative of v(y). What are the prime factors of b(4)?
2, 7
Let x(o) = o**3 - 12*o**2 + 6*o - 13. List the prime factors of x(17).
2, 13, 59
Suppose -15641 = -14*i + 3217. List the prime factors of i.
3, 449
Let d(w) = 14*w**2 + 2*w + 12. Let q(f) = 15*f**2 + 2*f + 13. Let t(y) = 6*d(y) - 5*q(y). List the prime factors of t(3).
2, 47
What are the prime factors of 329 + 11/((-33)/12)?
5, 13
List the prime factors of 2420/8 - (-30)/(-20).
7, 43
Let y(n) = 12*n - 1. Let v be y(-2). Let m = v - -58. What are the prime factors of m?
3, 11
Let t be (1/1)/((-224)/222 - -1). List the prime factors of (-9 - -6) + (4/(-2) - t).
2, 53
Let x(m) = -2*m**2 - 27*m - 8. Let g be x(-13). Suppose 0 = -g*z + 240 + 295. List the prime factors of z.
107
Let n be -5 + 2 - 11/(-1). Let a be n + 6*(-4)/8. Suppose 0 = -2*o + a + 7. List the prime factors of o.
2, 3
Let q(k) = 6*k**2 - 12*k - 3. List the prime factors of q(-16).
3, 5, 23
Suppose -4*v + 12451 = 3*p, 5*p + 15555 = -3*v + 8*v. List the prime factors of v.
2, 389
List the prime factors of ((-96)/(-45))/16 + 13393/15.
19, 47
Let r(h) = -5*h**2 + 16*h + 9. Let n(z) = z**2 - z - 1. Let l(q) = 4*n(q) + r(q). What are the prime factors of l(6)?
41
List the prime factors of ((-3)/(3*2))/(24/(-52944)).
1103
Let t(s) = 3*s + 8*s**2 - 8*s**2 - 51 + s**2 - 2*s. List the prime factors of t(-15).
3, 53
Suppose 3*c = 21 - 51. Let l be (10/6 - 1) + (-800)/(-60). List the prime factors of l/(-35) + (-94)/c.
3
Suppose 5190 = -16*b + 22*b. List the prime factors of b.
5, 173
Suppose 17*s = 18*s + 136. What are the prime factors of (-48)/112 + s/(-7)?
19
Suppose 4*q + 1884 = 10*q. Suppose 722 = 5*a - 4*m, -5*a + q = 4*m - 384. What are the prime factors of a?
2, 71
Let y = 698 - 1101. Let n = -260 - y. What are the prime factors of n?
11, 13
Suppose 0 = 3*q - 0*q + 36. List the prime factors of q/(-10)*(-160)/(-12).
2
Let t = 56 - -2123. What are the prime factors of t?
2179
Suppose -2*q + 20 = n, 2*n - 3*q - 61 = -0*q. Let p be 3/12*n*2. Let y = 28 - p. List the prime factors of y.
3, 5
Suppose 4*u = u. Suppose 9*p - 101 = -29